{"id":14,"date":"2024-10-22T21:24:27","date_gmt":"2024-10-22T18:24:27","guid":{"rendered":"https:\/\/tamertopal.com\/?page_id=14"},"modified":"2025-12-09T20:26:24","modified_gmt":"2025-12-09T17:26:24","slug":"hakkimda","status":"publish","type":"page","link":"https:\/\/tamertopal.com\/?page_id=14","title":{"rendered":"Hakk\u0131mda"},"content":{"rendered":"<div class=\"wp-block-image\">\n<figure class=\"alignright size-large is-resized\"><img loading=\"lazy\" decoding=\"async\" width=\"796\" height=\"1024\" src=\"https:\/\/tamertopal.com\/wp-content\/uploads\/2025\/12\/vesikalik-796x1024.jpg\" alt=\"\" class=\"wp-image-34\" style=\"aspect-ratio:0.7773531126514219;width:132px;height:auto\" srcset=\"https:\/\/tamertopal.com\/wp-content\/uploads\/2025\/12\/vesikalik-796x1024.jpg 796w, https:\/\/tamertopal.com\/wp-content\/uploads\/2025\/12\/vesikalik-233x300.jpg 233w, https:\/\/tamertopal.com\/wp-content\/uploads\/2025\/12\/vesikalik-768x988.jpg 768w, https:\/\/tamertopal.com\/wp-content\/uploads\/2025\/12\/vesikalik-1194x1536.jpg 1194w, https:\/\/tamertopal.com\/wp-content\/uploads\/2025\/12\/vesikalik-750x965.jpg 750w, https:\/\/tamertopal.com\/wp-content\/uploads\/2025\/12\/vesikalik.jpg 1237w\" sizes=\"auto, (max-width: 796px) 100vw, 796px\" \/><\/figure>\n<\/div>\n\n\n<p class=\"has-text-align-center\">Sigortac\u0131l\u0131k sekt\u00f6r\u00fcnde 35 y\u0131la yak\u0131n deneyime sahip bir <strong>Sigorta Eksperi ve giri\u015fimciyim<\/strong>. Meslek hayat\u0131ma kara ara\u00e7lar\u0131 bran\u015f\u0131nda ba\u015flad\u0131m ve y\u0131llar i\u00e7inde a<strong>\u011f\u0131r vas\u0131ta, ticari ara\u00e7lar, i\u015f makineleri ve end\u00fcstriyel ekipmanlar gibi daha kompleks<\/strong> alanlarda uzmanla\u015farak teknik yetkinli\u011fimi geli\u015ftirdim. Analitik d\u00fc\u015f\u00fcnme, do\u011fru risk okumas\u0131 yapma ve karma\u015f\u0131k hasar dosyalar\u0131nda g\u00fcvenilir \u00e7\u00f6z\u00fcm \u00fcretme becerilerim, \u00e7al\u0131\u015fma yakla\u015f\u0131m\u0131m\u0131n temelini olu\u015fturmaktad\u0131r.<\/p>\n\n\n\n<p class=\"has-text-align-center\"><strong>Tamer Sigorta Ekspertiz Hizmetleri\u2019nin<\/strong> kurucusu olarak uzun y\u0131llard\u0131r sigorta sekt\u00f6r\u00fcne teknik dan\u0131\u015fmanl\u0131k, hasar analizi, pert de\u011ferlendirmesi ve risk y\u00f6netimi hizmetleri sunuyorum. Bu s\u00fcre\u00e7te operasyonel verimlili\u011fi art\u0131ran, teknik do\u011frulu\u011fu \u00f6nceleyen bir anlay\u0131\u015f\u0131 benimsedim ve sekt\u00f6r payda\u015flar\u0131 i\u00e7in g\u00fcvenilir bir i\u015f orta\u011f\u0131 olmay\u0131 hedefledim.<\/p>\n\n\n\n<p class=\"has-text-align-center\"><strong>Sigorta Eksperleri Dayan\u0131\u015fma ve E\u011fitim Vakf\u0131 (SEDEV)<\/strong> Ba\u015fkan\u0131 olarak ise mesle\u011fin geli\u015fimi, kurumsalla\u015fmas\u0131, gen\u00e7 ku\u015faklar\u0131n yeti\u015fmesi ve sekt\u00f6rel dayan\u0131\u015fman\u0131n g\u00fc\u00e7lendirilmesi amac\u0131yla \u00e7e\u015fitli projelerin y\u00fcr\u00fct\u00fclmesine katk\u0131 sunuyorum. E\u011fitim, ara\u015ft\u0131rma ve sosyal sorumluluk alanlar\u0131nda y\u00fcr\u00fctt\u00fc\u011f\u00fcm\u00fcz \u00e7al\u0131\u015fmalarla, sekt\u00f6r\u00fcn gelece\u011fine y\u00f6nelik g\u00fc\u00e7l\u00fc bir yap\u0131 olu\u015fturmay\u0131 hedefliyoruz.<\/p>\n\n\n\n<p class=\"has-text-align-center\">Mesle\u011fin gelece\u011fine y\u00f6nelik konularda; dijitalle\u015fme, modern de\u011ferlendirme yakla\u015f\u0131mlar\u0131, veri odakl\u0131 s\u00fcre\u00e7ler ve gen\u00e7 ku\u015faklar\u0131n mesle\u011fe kazand\u0131r\u0131lmas\u0131 gibi alanlarda \u00e7al\u0131\u015fmalar\u0131m\u0131z\u0131 s\u00fcrd\u00fcrmekteyiz. Amac\u0131m\u0131z, sigorta eksperli\u011finin teknik do\u011fruluk, etik standartlar ve s\u00fcrd\u00fcr\u00fclebilir geli\u015fim ilkeleri \u00e7er\u00e7evesinde g\u00fc\u00e7lenmesine katk\u0131 sa\u011flamakt\u0131r.<\/p>\n\n\n\n<p class=\"has-text-align-center\">Hayattaki en b\u00fcy\u00fck motivasyon kayna\u011f\u0131m ise<strong> \u00fc\u00e7 evlad\u0131md\u0131r<\/strong>. Onlara b\u0131rakmak istedi\u011fim temel de\u011fer; adaletli, \u00e7al\u0131\u015fkan, g\u00fcvenilir ve insan odakl\u0131 bir ya\u015fam anlay\u0131\u015f\u0131d\u0131r.<\/p>\n\n\n\n<p class=\"has-text-align-center\"><\/p>\n\n\n\n<p class=\"has-text-align-center\"><\/p>\n","protected":false},"excerpt":{"rendered":"<p>Sigortac\u0131l\u0131k sekt\u00f6r\u00fcnde 35 y\u0131la yak\u0131n deneyime sahip bir Sigorta Eksperi ve giri\u015fimciyim. Meslek hayat\u0131ma kara ara\u00e7lar\u0131 bran\u015f\u0131nda ba\u015flad\u0131m ve y\u0131llar i\u00e7inde a\u011f\u0131r vas\u0131ta, ticari ara\u00e7lar, i\u015f makineleri ve end\u00fcstriyel ekipmanlar gibi daha kompleks alanlarda uzmanla\u015farak teknik yetkinli\u011fimi geli\u015ftirdim. Analitik d\u00fc\u015f\u00fcnme, do\u011fru risk okumas\u0131 yapma ve karma\u015f\u0131k hasar dosyalar\u0131nda g\u00fcvenilir \u00e7\u00f6z\u00fcm \u00fcretme becerilerim, \u00e7al\u0131\u015fma yakla\u015f\u0131m\u0131m\u0131n temelini &hellip; <\/p>\n<p><a class=\"more-link btn\" href=\"https:\/\/tamertopal.com\/?page_id=14\">Devam\u0131n\u0131 oku<\/a><\/p>\n","protected":false},"author":1,"featured_media":0,"parent":0,"menu_order":0,"comment_status":"closed","ping_status":"closed","template":"","meta":{"footnotes":""},"class_list":["post-14","page","type-page","status-publish","hentry","nodate","item-wrap"],"jetpack_sharing_enabled":true,"_links":{"self":[{"href":"https:\/\/tamertopal.com\/index.php?rest_route=\/wp\/v2\/pages\/14","targetHints":{"allow":["GET"]}}],"collection":[{"href":"https:\/\/tamertopal.com\/index.php?rest_route=\/wp\/v2\/pages"}],"about":[{"href":"https:\/\/tamertopal.com\/index.php?rest_route=\/wp\/v2\/types\/page"}],"author":[{"embeddable":true,"href":"https:\/\/tamertopal.com\/index.php?rest_route=\/wp\/v2\/users\/1"}],"replies":[{"embeddable":true,"href":"https:\/\/tamertopal.com\/index.php?rest_route=%2Fwp%2Fv2%2Fcomments&post=14"}],"version-history":[{"count":6,"href":"https:\/\/tamertopal.com\/index.php?rest_route=\/wp\/v2\/pages\/14\/revisions"}],"predecessor-version":[{"id":41,"href":"https:\/\/tamertopal.com\/index.php?rest_route=\/wp\/v2\/pages\/14\/revisions\/41"}],"wp:attachment":[{"href":"https:\/\/tamertopal.com\/index.php?rest_route=%2Fwp%2Fv2%2Fmedia&parent=14"}],"curies":[{"name":"wp","href":"https:\/\/api.w.org\/{rel}","templated":true}]}}